en 96 is divided by x.
5
Let h = 1369 + -1343. Let x = 102 + -54. Calculate the remainder when x is divided by h.
22
Let f be 11/(-88) + 1/8 - 656. Let i = f - -668. What is the remainder when 54 is divided by i?
6
What is the remainder when (-13650)/(-100) + 4*-1 - (-5)/(-10) is divided by 35?
27
Suppose 0*k - 4*k = -8, 0 = -5*u + 4*k + 572. Calculate the remainder when u is divided by (-1785)/(-30) - 1/2.
57
Suppose 37*n + 523 - 3115 = 13*n. Calculate the remainder when 429 is divided by n.
105
Let t = 842 + -836. Suppose 42 - t = 9*v. Calculate the remainder when v is divided by 1.
0
Let c = -653 + 517. Let p = c - -153. What is the remainder when 267 is divided by p?
12
What is the remainder when 24330 is divided by (-8)/(-36) - (11080/42)/(12/(-14))?
306
Suppose -254*k + 45809 = -44615. Calculate the remainder when 726 is divided by k.
14
Let i = 15 - -16. Suppose -i = -3*b + 5. Suppose r - 3*r - k = -92, 2*r - k - 88 = 0. What is the remainder when r is divided by b?
9
Let s(d) = d**3 + 27*d**2 - 13*d - 946. What is the remainder when 195 is divided by s(-26)?
59
Suppose -5*k = 2*c - 67, -2*c - 2*c + 5*k = -119. Suppose -a = -4*i - 165 + c, -16 = -4*i. Calculate the remainder when a is divided by 19.
17
Let v = 173 + 1397. Calculate the remainder when v is divided by 11.
8
Suppose 5*k - 4*h = 1044, 178 = -4*k - 2*h + 982. Calculate the remainder when 1000 is divided by k.
184
Suppose 17*d - 46946 = -37*d + 81844. What is the remainder when d is divided by 26?
19
Calculate the remainder when 856 is divided by ((-4)/6)/(116/(-13746)).
66
Let x(j) = 461*j - 33. Let w be x(-2). Let s = 1034 + w. What is the remainder when s is divided by 24?
7
Suppose 4*l - 50 = -6*l. Let u(n) = 6*n + 4*n**3 + n**3 - l*n - 2*n + 3. Calculate the remainder when u(3) is divided by 34.
33
Suppose -4*d - 33 = -g - 4*g, 2*d = g - 9. Suppose -1 = 2*x - 3, 0 = 4*c + x + 7. Calculate the remainder when 23/(c*3/(-6)) is divided by g.
3
Let j = 93 + -64. Calculate the remainder when (243/2 - 3)/(6/4) is divided by j.
21
What is the remainder when 2611 is divided by (-10940)/(-280) + (-1)/14?
37
Suppose -87*d = -64*d - 17066. Calculate the remainder when d is divided by 36.
22
Let q = -57 + 382. Let h = -151 + q. What is the remainder when h is divided by (10 - 9)/((-2)/(-50))?
24
Let t = -370 + 374. Suppose 4 = -q - 3*d, q - 36 = -t*q - d. Calculate the remainder when 118 is divided by q.
6
Let y(n) = -2*n**3 + 25*n**2 - 16*n + 5. Let b be y(7). Suppose 0*w - b = -8*w. What is the remainder when 106 is divided by w?
52
Let m(u) = -u**2 + 11. Let r be m(4). Suppose 15*q = 21*q - 78. What is the remainder when 20/r - (-44 - -3) is divided by q?
11
Let b(v) = v**3 + 25*v**2 + 79*v + 2. Calculate the remainder when b(-17) is divided by 41.
28
Suppose 2*y + 100 = 4*b - 0*y, -3*b = 5*y - 101. Calculate the remainder when (-3344)/(-18) + 942/4239 is divided by b.
24
Let w(u) = -3*u**2 + 8*u + 7. Let m be w(3). Suppose -m*o + 210 = -82. What is the remainder when o is divided by 41?
32
What is the remainder when 144747/567*(7 - 0) is divided by 64?
59
Suppose 334*w - 314*w - 200 = -40. Suppose 3*u - 108 = -3*g, 3*u = 2*g + 93 + 25. Calculate the remainder when u is divided by w.
6
Let l(n) = -n**3 + 5*n**2 + 11*n + 142. Calculate the remainder when 330 is divided by l(0).
46
Let w = 5024 + -3564. Suppose 4*n - w = -16*n. Calculate the remainder when n is divided by 8.
1
Suppose 97*x = -76*x + 254656. Calculate the remainder when x is divided by 490.
2
Suppose 17815*q - 17829*q = -3472. Calculate the remainder when q is divided by 105.
38
Suppose 0 = 262*s - 295*s + 330. What is the remainder when 997 is divided by s?
7
Suppose 2*r + 3*r - 90 = -5*t, -4*t + 60 = -2*r. Calculate the remainder when 1455 is divided by t.
15
Let f = -5321 + 6207. Calculate the remainder when f is divided by 6.
4
Let f(u) = u**2 - 5*u - 58. Let m be f(-18). Let z = m - 288. Let x = 16 - 2. Calculate the remainder when z is divided by x.
12
Let d = -1068 + 1866. Let y = d + -771. Calculate the remainder when 96 is divided by y.
15
Let i(z) = 94*z - 170*z + 12 + 103*z. Calculate the remainder when i(3) is divided by 8.
5
Suppose -49 = b + 34. Let v = -541 - -471. Let t = v - b. What is the remainder when 61 is divided by t?
9
Let q = -58 - -118. Let k(y) = -y + 18. Let z be k(16). Calculate the remainder when q is divided by (-378)/(-36)*4/z.
18
Let t = -13 - -81. Let o(v) = -27 + v**3 - 6*v + 0*v**2 - 5*v**2 - 2*v**2 - 2*v**2 + 7*v**2. Calculate the remainder when t is divided by o(5).
14
Suppose -17*q = -20*q + 48. Let m = q + 6. Calculate the remainder when 1/(-7) + 6286/98 is divided by m.
20
Let n be 1 + -9 + -2 + 7 + 476. Suppose n*l = 476*l - 69. Calculate the remainder when 130 is divided by l.
15
Let i = 10 - -52. Let k = 12 - i. Let s = 92 + k. Calculate the remainder when s is divided by 23.
19
Let t(z) = 52*z**2 + 31*z + 63. What is the remainder when t(-2) is divided by 35?
34
Suppose 24 = m + 238*x - 239*x, -2*x = -5*m + 96. Let t be (-50)/(-3)*(-54)/5. Let j = -121 - t. Calculate the remainder when j is divided by m.
11
What is the remainder when 5177 is divided by 16204/468 + (-6)/(-39) - 26/(-117)?
32
Calculate the remainder when 1373 is divided by 65/(-7*(5 - ((-5)/(-35) + 5))).
8
Let o(s) = 16*s**2 + 87*s + 864. Calculate the remainder when o(-7) is divided by 120.
79
Let c = 13 + 7. Let k be (-158)/4*(12 - (12 + -2)). Let u = k - -197. Calculate the remainder when u is divided by c.
18
Suppose -4*x - 5*a = -297, -3*x = a - 2 - 229. Let o be 30/(-9)*(-24)/(-20). What is the remainder when x is divided by o/18 + (-1225)/(-45)?
24
Suppose -13*z + 9*z + 191 = 5*h, -4*z = h - 211. Calculate the remainder when 589 is divided by z.
49
Let b(l) = l**2 - 18*l - 199. Let f(o) = -28*o - 112. Let r be f(-5). Let h(j) = 2*j**2 - 2*j + 3. Calculate the remainder when b(r) is divided by h(2).
4
Suppose 50 + 1 = 4*y - 9*j, 0 = 3*j - 15. Let r = 17 + 17. Calculate the remainder when r is divided by y.
10
Suppose 2*b + 1385 = 2*j + j, -b + 1391 = 3*j. What is the remainder when j is divided by 59?
50
Suppose q = -2*q, 0 = -l - 2*q + 69. Suppose 62*m - l*m = -259. Calculate the remainder when 147 is divided by m.
36
Suppose -14*y = -20*y - 18. Let f be (-48)/40*10/y. Calculate the remainder when 6/f*728/78 is divided by 6.
2
Suppose 0 = 2*l - n - 10490, 2*n = 150*l - 149*l - 5248. What is the remainder when l is divided by 61?
59
Suppose 0 = 3*v - 12, 47*v + 1 = -3*x + 51*v. What is the remainder when 38 is divided by x?
3
Suppose 0 = -3*r - 6 + 21. Suppose -8*i + 50 = 2*i. Suppose -8 = p - i*p. What is the remainder when r is divided by p?
1
Let n be ((-8)/(-64) - 3/24) + 3. Suppose 0 = 2*d - 5*l - 520, -n*d + 7*d = 5*l + 1030. Calculate the remainder when d is divided by 44.
35
Let v(f) = -f**2 + 5*f - 6. Let j be v(2). Suppose j = u - 0*u - 7. Calculate the remainder when 16 is divided by u.
2
Let w(b) = -b**3 - 5*b**2 - 2*b + 1. Let x be (-2)/(-8) + 21/(-4). What is the remainder when (216/(-96))/(2/(-16)) is divided by w(x)?
7
Suppose -134*l + 43133 + 64117 = 21356. Calculate the remainder when l is divided by 98.
53
Let s(z) = 10*z**3 + 8*z**2 + 7*z - 4. Calculate the remainder when 3177 is divided by s(4).
9
Let i(o) be the third derivative of -19*o**6/120 + o**5/12 + o**4/8 - 4*o**3/3 + o**2 + 167. Let h = -29 + 49. What is the remainder when i(-2) is divided by h?
18
Let s be (0/3)/(-2 + 1). Suppose 3*r = -0*r + 2*v + 130, 5*v - 5 = s. Calculate the remainder when 18 is divided by (r/(-10) + 4)*-25.
8
Suppose 5*f + 97 = 3*i + 517, -4*i = f - 61. Let n = f + -28. Let r(u) = -u + 26. What is the remainder when n is divided by r(14)?
5
Suppose 19 = 2*f - 3*r + 24, 4*r = -f + 14. Suppose f*x - 262 = -2*w, -30*w - 129 = -31*w - 3*x. Calculate the remainder when w is divided by 47.
38
Let k(j) = -7*j**2 + 33*j + 87. Let n(d) = -16*d**2 + 68*d + 175. Let r(x) = -9*k(x) + 4*n(x). Calculate the remainder when r(-13) is divided by 19.
16
Suppose -5*v + 428 = 4*l + 20, 4*l = 3*v - 264. What is the remainder when 1739 is divided by v?
59
Let w = -299 + 324. Suppose 2*y = -w + 97. Suppose v + 0*v = 20. Calculate the remainder when y is divided by v.
16
Suppose -119*s + 15*s - 43*s + 59094 = 0. Calc